{"id":66,"date":"2016-02-10T00:31:20","date_gmt":"2016-02-09T23:31:20","guid":{"rendered":"http:\/\/siedemnadziewiec.pl\/?page_id=66"},"modified":"2016-02-10T22:04:01","modified_gmt":"2016-02-10T21:04:01","slug":"79-czyli-po-sasiedzku","status":"publish","type":"page","link":"https:\/\/siedemnadziewiec.pl\/index.php\/79-czyli-po-sasiedzku\/","title":{"rendered":"7\/9 czyli Po S\u0105siedzku\u2026"},"content":{"rendered":"<p><img data-attachment-id=\"84\" data-permalink=\"https:\/\/siedemnadziewiec.pl\/index.php\/79-czyli-po-sasiedzku\/twarzekolko3\/\" data-orig-file=\"https:\/\/i0.wp.com\/siedemnadziewiec.pl\/wp-content\/uploads\/2016\/02\/twarzeKolko3.jpg?fit=700%2C200&amp;ssl=1\" data-orig-size=\"700,200\" data-comments-opened=\"1\" data-image-meta=\"{&quot;aperture&quot;:&quot;0&quot;,&quot;credit&quot;:&quot;&quot;,&quot;camera&quot;:&quot;&quot;,&quot;caption&quot;:&quot;&quot;,&quot;created_timestamp&quot;:&quot;0&quot;,&quot;copyright&quot;:&quot;&quot;,&quot;focal_length&quot;:&quot;0&quot;,&quot;iso&quot;:&quot;0&quot;,&quot;shutter_speed&quot;:&quot;0&quot;,&quot;title&quot;:&quot;&quot;,&quot;orientation&quot;:&quot;0&quot;}\" data-image-title=\"twarzeKolko3\" data-image-description=\"\" data-medium-file=\"https:\/\/i0.wp.com\/siedemnadziewiec.pl\/wp-content\/uploads\/2016\/02\/twarzeKolko3.jpg?fit=300%2C86&amp;ssl=1\" data-large-file=\"https:\/\/i0.wp.com\/siedemnadziewiec.pl\/wp-content\/uploads\/2016\/02\/twarzeKolko3.jpg?fit=663%2C189&amp;ssl=1\" loading=\"lazy\" class=\"size-full wp-image-84 aligncenter\" src=\"https:\/\/i0.wp.com\/siedemnadziewiec.pl\/wp-content\/uploads\/2016\/02\/twarzeKolko3.jpg?resize=663%2C189\" alt=\"twarzeKolko3\" width=\"663\" height=\"189\" srcset=\"https:\/\/i0.wp.com\/siedemnadziewiec.pl\/wp-content\/uploads\/2016\/02\/twarzeKolko3.jpg?w=700&amp;ssl=1 700w, https:\/\/i0.wp.com\/siedemnadziewiec.pl\/wp-content\/uploads\/2016\/02\/twarzeKolko3.jpg?resize=300%2C86&amp;ssl=1 300w, https:\/\/i0.wp.com\/siedemnadziewiec.pl\/wp-content\/uploads\/2016\/02\/twarzeKolko3.jpg?resize=400%2C114&amp;ssl=1 400w\" sizes=\"(max-width: 663px) 100vw, 663px\" data-recalc-dims=\"1\" \/><\/p>\n<p>\u00a0\u00a0 Jestem Agata mieszkam na jednym z \u0142\u00f3dzkich blokowisk pod 9`k\u0105. Pewnego dnia zapuka\u0142a do mnie s\u0105siadka z pod 7`ki, trzymaj\u0105ca ch\u0142opca na r\u0119kach: Cze\u015b\u0107 jestem Magda \u2013 powiedzia\u0142a \u2013 jeste\u015bmy s\u0105siadkami, mamy ch\u0142opc\u00f3w w podobnym wieku, mo\u017ce wybierzemy si\u0119 razem na spacer\u2026 i tak to si\u0119 zacz\u0119\u0142o!<\/p>\n<p>\u00a0\u00a0 Szybko okaza\u0142o si\u0119, \u017ce mamy nie tylko syn\u00f3w w podobnym wieku ale i podobn\u0105 pasj\u0119 \u2013 nasze domy. Ka\u017cda z nas pr\u00f3buje sprawi\u0107 by by\u0142 on niepowtarzalny i jaki\u015b, zaczynaj\u0105c od wej\u015bcia a\u017c po kuchni\u0119 &#8211; dos\u0142ownie i w przeno\u015bni.<\/p>\n<p>\u00a0\u00a0 Inspiruje nas natura i pi\u0119kne przedmioty. Staramy si\u0119 zwyk\u0142ym rzeczom nadawa\u0107 niezwyk\u0142y charakter i funkcj\u0119, bo kto powiedzia\u0142, \u017ce skrzynka na jab\u0142ka nie mo\u017ce by\u0107 pufem, a drewniany pieniek cudownym stolikiem kawowym?!<\/p>\n<p>\u00a0\u00a0 Ca\u0142o\u015b\u0107 obrazu dope\u0142niaj\u0105 nasze zwariowane rodzinki, m\u0119\u017cowie, pasjonaci domowych pieleszy i synowie, wiecznie niewy\u017cyci zabawowo, oraz moje zwierzaki kot Luna i kr\u00f3lik Kicek. Zapraszamy, mo\u017ce znajdziecie tu to, czego poszukujecie, co\u015b was zainspiruje lub zwyczajnie po\u015bmiejecie si\u0119 z naszych domowych perypetii.<\/p>\n<p><em>A.<\/em> &amp; <em>M.<\/em><\/p>\n<p>&nbsp;<\/p>\n<p>&nbsp;<\/p>\n","protected":false},"excerpt":{"rendered":"<p>\u00a0\u00a0 Jestem Agata mieszkam na jednym z \u0142\u00f3dzkich blokowisk pod 9`k\u0105. Pewnego dnia zapuka\u0142a do mnie s\u0105siadka z pod 7`ki, trzymaj\u0105ca ch\u0142opca na r\u0119kach: Cze\u015b\u0107 jestem Magda \u2013 powiedzia\u0142a \u2013 jeste\u015bmy s\u0105siadkami, mamy ch\u0142opc\u00f3w w podobnym wieku, mo\u017ce wybierzemy si\u0119 razem na spacer\u2026 i tak to si\u0119 zacz\u0119\u0142o! \u00a0\u00a0 Szybko okaza\u0142o si\u0119, \u017ce mamy nie&hellip; <a href=\"https:\/\/siedemnadziewiec.pl\/index.php\/79-czyli-po-sasiedzku\/\" class=\"more-link\">Continue reading <span class=\"screen-reader-text\">7\/9 czyli Po S\u0105siedzku\u2026<\/span><\/a><\/p>\n","protected":false},"author":1,"featured_media":0,"parent":0,"menu_order":0,"comment_status":"closed","ping_status":"closed","template":"","meta":{"spay_email":""},"jetpack_sharing_enabled":true,"jetpack_shortlink":"https:\/\/wp.me\/P8TrAG-14","jetpack-related-posts":[{"id":2,"url":"https:\/\/siedemnadziewiec.pl\/index.php\/przykladowa-strona\/","url_meta":{"origin":66,"position":0},"title":"Przyk\u0142adowa strona","date":"2 lutego 2016","format":false,"excerpt":"To jest przyk\u0142adowa strona. R\u00f3\u017cni si\u0119 ona od postu na blogu, poniewa\u017c pozostanie ona ci\u0105gle w jednym miejscu i poka\u017ce si\u0119 w panelu nawigacyjnym na twojej stronie (w przypadku wi\u0119kszo\u015bci szablon\u00f3w). Wi\u0119kszo\u015b\u0107 os\u00f3b zaczyna od strony 'O mnie' lub 'O nas', kt\u00f3ra przedstawia ich potencjalnym odwiedzaj\u0105cym stron\u0119. Mo\u017ce to by\u0107\u2026","rel":"","context":"Similar post","img":{"alt_text":"","src":"","width":0,"height":0},"classes":[]}],"_links":{"self":[{"href":"https:\/\/siedemnadziewiec.pl\/index.php\/wp-json\/wp\/v2\/pages\/66"}],"collection":[{"href":"https:\/\/siedemnadziewiec.pl\/index.php\/wp-json\/wp\/v2\/pages"}],"about":[{"href":"https:\/\/siedemnadziewiec.pl\/index.php\/wp-json\/wp\/v2\/types\/page"}],"author":[{"embeddable":true,"href":"https:\/\/siedemnadziewiec.pl\/index.php\/wp-json\/wp\/v2\/users\/1"}],"replies":[{"embeddable":true,"href":"https:\/\/siedemnadziewiec.pl\/index.php\/wp-json\/wp\/v2\/comments?post=66"}],"version-history":[{"count":9,"href":"https:\/\/siedemnadziewiec.pl\/index.php\/wp-json\/wp\/v2\/pages\/66\/revisions"}],"predecessor-version":[{"id":6740,"href":"https:\/\/siedemnadziewiec.pl\/index.php\/wp-json\/wp\/v2\/pages\/66\/revisions\/6740"}],"wp:attachment":[{"href":"https:\/\/siedemnadziewiec.pl\/index.php\/wp-json\/wp\/v2\/media?parent=66"}],"curies":[{"name":"wp","href":"https:\/\/api.w.org\/{rel}","templated":true}]}}

7/9 czyli Po Sąsiedzku…

<p><img data-attachment-id="84" data-permalink="https://siedemnadziewiec.pl/index.php/79-czyli-po-sasiedzku/twarzekolko3/" data-orig-file="https://i0.wp.com/siedemnadziewiec.pl/wp-content/uploads/2016/02/twarzeKolko3.jpg?fit=700%2C200&amp;ssl=1" data-orig-size="700,200" data-comments-opened="1" data-image-meta="{&quot;aperture&quot;:&quot;0&quot;,&quot;credit&quot;:&quot;&quot;,&quot;camera&quot;:&quot;&quot;,&quot;caption&quot;:&quot;&quot;,&quot;created_timestamp&quot;:&quot;0&quot;,&quot;copyright&quot;:&quot;&quot;,&quot;focal_length&quot;:&quot;0&quot;,&quot;iso&quot;:&quot;0&quot;,&quot;shutter_speed&quot;:&quot;0&quot;,&quot;title&quot;:&quot;&quot;,&quot;orientation&quot;:&quot;0&quot;}" data-image-title="twarzeKolko3" data-image-description="" data-medium-file="https://i0.wp.com/siedemnadziewiec.pl/wp-content/uploads/2016/02/twarzeKolko3.jpg?fit=300%2C86&amp;ssl=1" data-large-file="https://i0.wp.com/siedemnadziewiec.pl/wp-content/uploads/2016/02/twarzeKolko3.jpg?fit=663%2C189&amp;ssl=1" loading="lazy" class="size-full wp-image-84 aligncenter" src="https://i0.wp.com/siedemnadziewiec.pl/wp-content/uploads/2016/02/twarzeKolko3.jpg?resize=663%2C189" alt="twarzeKolko3" width="663" height="189" srcset="https://i0.wp.com/siedemnadziewiec.pl/wp-content/uploads/2016/02/twarzeKolko3.jpg?w=700&amp;ssl=1 700w, https://i0.wp.com/siedemnadziewiec.pl/wp-content/uploads/2016/02/twarzeKolko3.jpg?resize=300%2C86&amp;ssl=1 300w, https://i0.wp.com/siedemnadziewiec.pl/wp-content/uploads/2016/02/twarzeKolko3.jpg?resize=400%2C114&amp;ssl=1 400w" sizes="(max-width: 663px) 100vw, 663px" data-recalc-dims="1" /></p>
<p>   Jestem Agata mieszkam na jednym z łódzkich blokowisk pod 9`ką. Pewnego dnia zapukała do mnie sąsiadka z pod 7`ki, trzymająca chłopca na rękach: Cześć jestem Magda – powiedziała – jesteśmy sąsiadkami, mamy chłopców w podobnym wieku, może wybierzemy się razem na spacer… i tak to się zaczęło!</p>
<p>   Szybko okazało się, że mamy nie tylko synów w podobnym wieku ale i podobną pasję – nasze domy. Każda z nas próbuje sprawić by był on niepowtarzalny i jakiś, zaczynając od wejścia aż po kuchnię &#8211; dosłownie i w przenośni.</p>
<p>   Inspiruje nas natura i piękne przedmioty. Staramy się zwykłym rzeczom nadawać niezwykły charakter i funkcję, bo kto powiedział, że skrzynka na jabłka nie może być pufem, a drewniany pieniek cudownym stolikiem kawowym?!</p>
<p>   Całość obrazu dopełniają nasze zwariowane rodzinki, mężowie, pasjonaci domowych pieleszy i synowie, wiecznie niewyżyci zabawowo, oraz moje zwierzaki kot Luna i królik Kicek. Zapraszamy, może znajdziecie tu to, czego poszukujecie, coś was zainspiruje lub zwyczajnie pośmiejecie się z naszych domowych perypetii.</p>
<p><em>A.</em> &amp; <em>M.</em></p>
<p>&nbsp;</p>
<p>&nbsp;</p>

<p>   Jestem Agata mieszkam na jednym z łódzkich blokowisk pod 9`ką. Pewnego dnia zapukała do mnie sąsiadka z pod 7`ki, trzymająca chłopca na rękach: Cześć jestem Magda – powiedziała – jesteśmy sąsiadkami, mamy chłopców w podobnym wieku, może wybierzemy się razem na spacer… i tak to się zaczęło!    Szybko okazało się, że mamy nie&hellip; <a href="https://siedemnadziewiec.pl/index.php/79-czyli-po-sasiedzku/" class="more-link">Continue reading <span class="screen-reader-text">7/9 czyli Po Sąsiedzku…</span></a></p>

Przykładowa strona

To jest przykładowa strona. Różni się ona od postu na blogu, ponieważ pozostanie ona ciągle w jednym miejscu i pokaże się w panelu nawigacyjnym na twojej stronie (w przypadku większości szablonów). Większość osób zaczyna od strony 'O mnie' lub 'O nas', która przedstawia ich potencjalnym odwiedzającym stronę. Może to być…
